d. What are the prime factors of d?
2, 11, 53
Let y(z) = -z**2 - 14*z + 4. Let g be y(-14). Suppose -4 - g = 4*x. List the prime factors of 1 + x - (-138)/2.
2, 17
Let s(d) = -3*d**3 + 100*d**2 - 159*d - 68. List the prime factors of s(28).
2, 17, 59
Let t = 78785 + -28117. List the prime factors of t.
2, 53, 239
Let l(r) = 17*r - 140. Let y be l(11). Suppose y*p = 27*p + 29160. What are the prime factors of p?
2, 3
Suppose d + 3*t = 5*d - 23, -16 = -3*d + t. Suppose 12*s - 11*s - 3 = 0, 5*f + d*s = 6230. List the prime factors of f.
11, 113
Let o(g) = g**3 + 3*g**2 - g + 1. Let r be o(-3). Suppose -7*c = r*c - 3652. List the prime factors of c.
2, 83
Let r = 22 - 7. Let k(m) = -25*m**2 + 16*m - 40. Let x(n) = 54*n**2 - 31*n + 79. Let b(t) = 13*k(t) + 6*x(t). What are the prime factors of b(r)?
59
Suppose -2*v - 11*j = -806, v - 22 = 4*j + 381. What are the prime factors of v?
13, 31
Suppose -28*t + 131*t - 15553 = 0. What are the prime factors of t?
151
Let x(j) = -j**3 + 14*j**2 - 10*j + 39. Let y be x(10). Suppose 12*s - y - 21 = 0. What are the prime factors of s?
2, 3, 5
Let g be (-7)/(280/48)*-5. Let k(z) = 2*z**2 - 5*z + 44. What are the prime factors of k(g)?
2, 43
Suppose 2*i - 2 = -2*l, -i = 4*l - 0*l + 8. List the prime factors of (3 - (-11876)/28) + i/(-28).
7, 61
Let t(q) = 38*q - q**3 + 5*q**2 - 43*q + 5*q**2. Let w be t(4). Let d = 179 - w. List the prime factors of d.
103
Suppose 28 = -25*f + 203. Suppose 0 = 2*r - 5*u - 812, r + 4*u = 387 - f. What are the prime factors of r?
2, 3, 11
Let q(n) = n**2 - 4*n + 7. Let t be q(8). Let h be (t/2)/((44/8)/(-11)). Let i = 181 + h. What are the prime factors of i?
2, 71
Let m = 6545 - 1774. List the prime factors of m.
13, 367
Suppose -4*a + 4 + 0 = -2*n, -3*a + 10 = 2*n. Suppose n*g = -g - 12. Let s(b) = -26*b - 9. List the prime factors of s(g).
5, 19
Suppose 64*r - 60*r = 11480. What are the prime factors of r?
2, 5, 7, 41
Suppose m - 883 - 94 = 0. Let d = m - -220. What are the prime factors of d?
3, 7, 19
Suppose 0 = -5*g + 2*o + 327, 5*g - 3*o + 0*o = 328. Let v = 105 + g. What are the prime factors of v?
2, 5, 17
Suppose 97*i = 85*i. What are the prime factors of 1058 + i*((-15)/6)/(-5)?
2, 23
Let o(u) = 22*u**2 + 2*u - 2. Let y be o(1). Suppose 0 = -5*t - 4*z + y, 2*z = 2*t + 6*z - 16. Suppose -t*l + 137 = 27. List the prime factors of l.
5, 11
Suppose 3*y - 3828 = -2*u, 9*u - 9524 = 4*u + 4*y. List the prime factors of u.
2, 3, 53
Suppose -5*u - 3*h + 36245 = 0, u - 5852 - 1395 = -h. What are the prime factors of u?
2, 7, 37
Let x = 20168 + -15968. What are the prime factors of x?
2, 3, 5, 7
Suppose y + 8*p - 5325 = 0, 15897 = 3*y - 13*p + 11*p. List the prime factors of y.
3, 19, 31
Suppose -161*y = -160*y - 3*n - 16376, -n = 6. List the prime factors of y.
2, 8179
Let n(g) = -9*g - 80. Let t be n(-7). Let v = 96 - t. List the prime factors of v.
113
Let w = 4418 - -16165. What are the prime factors of w?
3, 2287
List the prime factors of (-34 - 4/2)/(33/(-1485)).
2, 3, 5
Suppose -60 = -q - 54. Suppose -11*l + 1330 = -q*l. What are the prime factors of l?
2, 7, 19
Let u be (-1000)/70*21/(-6). Let m = u - 45. Suppose 4*j + q - 5*q - 416 = 0, -2*j - m*q = -194. What are the prime factors of j?
2, 3, 17
Let h(q) = -23*q + 25. Let u(s) = -s**3 - s**2 - 3*s - 10. Let c be u(0). Let z be h(c). Suppose -2*r + 4*o + z = -65, 2 = o. What are the prime factors of r?
2, 41
Let k = -204 - -365. Let j = k - -73. List the prime factors of j.
2, 3, 13
Suppose 5*c - 10934 = -1509. Let f = -532 + c. What are the prime factors of f?
3, 11, 41
What are the prime factors of (-193252)/(-10) + (-99)/495?
5, 773
Suppose -2*u + k = -354, -257 = -5*u - k + 621. Suppose 0 = -189*q + u*q + 18278. List the prime factors of q.
2, 19, 37
Let s = -76 + 42. What are the prime factors of s/(-6) + 8/(-12)?
5
List the prime factors of (210/(-7))/10 - -1038.
3, 5, 23
Suppose 2*i - 6302 = -5*q + 836, 2*i = -4*q + 7140. What are the prime factors of i?
2, 1787
Suppose -66*l = -70*l + 4, 5*l + 69965 = 5*h. List the prime factors of h.
2, 6997
Let q(s) = s**3 - 5*s**2 - 5*s + 3. Let v be q(4). Let r be 678/14 + 12/21. Let j = v + r. List the prime factors of j.
2
Suppose 18*h - 95653 = 37169. List the prime factors of h.
47, 157
List the prime factors of -2*(-9)/48*-3940*-38.
3, 5, 19, 197
Let k = -16 + 149. Let l = k - 95. Suppose 0 = 3*w - 3*r - l - 112, -2*w + r = -96. List the prime factors of w.
2, 23
Let m(t) = -163*t - 4. Let d be m(-5). Suppose d = 5*u - g - 2831, 2*g = 4*u - 2910. What are the prime factors of u?
3
Suppose -4*o - 4*a = 16, -4*o + 34*a = 35*a + 1. What are the prime factors of o/(-4) - (11572/(-16) - -4)?
719
Suppose -2*z - 132104 = -5*g, 2*g - 3*z - 50735 = 2089. What are the prime factors of g?
2, 3, 367
Suppose 3*j = -u + 389, -5*u + 387 = -4*u + 5*j. Suppose 20*x - 18*x = u. Let p = x + -1. List the prime factors of p.
3, 5, 13
Let l = -25718 + 97152. List the prime factors of l.
2, 11, 17, 191
Suppose 25057 - 3776 = 4*x - 5*k, 20 = -4*k. What are the prime factors of x?
2, 2657
Let r(l) = l. Let a be r(2). Suppose -2*g + 6 - a = 0. List the prime factors of 3289/46 - 1/g.
71
Suppose -13647804 = -250*z - 3381304. List the prime factors of z.
2, 20533
Let f(i) = -2*i**3 - 47*i**2 - 28*i - 52. What are the prime factors of f(-25)?
3, 29
Let n = -251 - -472. Let o = n - 23. What are the prime factors of o?
2, 3, 11
Let l = 3014 - -213. Suppose 7*z = 105 + l. What are the prime factors of z?
2, 7, 17
Suppose -2*b + 32308 = 5*f, -335*f + 331*f = 0. List the prime factors of b.
2, 41, 197
Let b(x) = -3*x**3 + 114*x**2 - 29*x + 158. What are the prime factors of b(19)?
2, 3, 29
Let z(t) = t**3 + 28*t**2 + 5*t + 50. Let o(x) = -x**2 - 33*x - 27. Let y be o(-33). What are the prime factors of z(y)?
2, 7, 23
What are the prime factors of (26/39)/((-1)/63762*-4)?
10627
Let o = 182 - 169. Suppose 29*i - 12544 = o*i. What are the prime factors of i?
2, 7
Suppose 0 = 4*x, -684 = 116*k - 113*k - x. Let l be -8*(9/3)/6. List the prime factors of 4/(-16)*l - 3 - k.
2, 113
Let l = 99 - 107. Let k be (-2)/l - 5685/(-12). Suppose -5*q + 3*j + 806 = 0, 2*q - k = -q - 3*j. What are the prime factors of q?
2, 5
Suppose -22*j + 34*j - 264 = 0. Suppose -j*c = -3*c - 27493. What are the prime factors of c?
1447
Suppose 4*z = 3*d + 116, 5*d = 3*d + 5*z - 82. Suppose -4*u - 280 = -772. Let p = u - d. What are the prime factors of p?
3, 53
Let j = 243 - 239. Suppose j*h = -5*i - 477 + 2142, -h = 2*i - 663. What are the prime factors of i?
7, 47
Suppose 9 = s + 6. Suppose 2*t - 4*k = t + 79, -s*k - 15 = 0. Suppose 0 = 4*f + t - 399. What are the prime factors of f?
5, 17
Let k = 5444 - 3833. What are the prime factors of k?
3, 179
Suppose 4*m + 10 - 2 = 0, 4*o - 3*m = 5866. Suppose -5*y = 4*c - 2955, -4*c + 2*c - 5*y = -o. What are the prime factors of c?
5, 149
Suppose -2*o - 7*c + 55 = -2*c, 2*o - 5*c - 25 = 0. Suppose o*s - 674 = 2826. What are the prime factors of s?
5, 7
Suppose -5*w + 86 - 33 = -4*m, -m = -5*w + 32. Let n be (m - 12/(-2))*479/1. List the prime factors of 16/(-24) - n/3.
3, 53
Let a = 2795 + -439. What are the prime factors of a?
2, 19, 31
Let r(h) = -9*h**3 - 19*h**2 - 303*h + 114. List the prime factors of r(-16).
2, 18481
Let j be (((-2)/4)/(-1))/(2/12). Suppose 0 = 5*r - 4*n - 5879, -j*r - n - n + 3523 = 0. List the prime factors of r.
5, 47
Let k = 15997 - 2767. What are the prime factors of k?
2, 3, 5, 7
Suppose -15 = 3*y + 3*o, -3*y + 10 = -o - o. Suppose 5*z + 325 = -y*z. Let f = 150 + z. List the prime factors of f.
5, 17
Let d = 1393 + 18231. What are the prime factors of d?
2, 11, 223
Let r(k) = 10*k**2 + 7*k + 1. Let z be r(-2). Suppose -53676 = -15*d - z*d. What are the prime factors of d?
2, 3, 71
Let w = -189 - -192. Suppose -428 - 64 = -w*g. List the prime factors of g.
2, 41
What are the prime factors of 252/(-2)*-2*(-5427)/(-402)?
2, 3, 7
Let t(b) = 71*b**2 - 20*b + 42. Let v be t(4). Let g = v - 784. What are the prime factors of g?
2, 157
Suppose -20*s - 77 = -27*s. Let c(d) = -d**3 + 11*d**2 - 2*d + 25. List the prime factors of c(s).
3
Suppose -822581 = -95*r + 1044834. What are the prime factors of r?
11, 1787
Suppose 2*g = -3*n - 8 - 60, 0 = n + 4*g + 26. Let h(w) =